-9).
16
Let r(s) = s**3 + 182*s**2 + 1387*s - 768. Give r(-174).
102
Let k(q) = q**2 + 97*q - 5902. Determine k(40).
-422
Let t(a) = -2*a**2 + 459*a + 21160. Give t(269).
-91
Let d(v) = -219*v + 3682. Determine d(18).
-260
Let h(w) = 2274*w + 322889. Determine h(-142).
-19
Let r(n) = 1151*n - 14389. What is r(12)?
-577
Let g(x) = -790*x**2 - 9*x - 4. Determine g(-1).
-785
Let t(j) = 10*j**3 + 132*j**2 + 141*j - 14. What is t(-12)?
22
Let r(w) = -360*w - 5634. Calculate r(-16).
126
Let l(m) = 162112*m - 486341. Calculate l(3).
-5
Let s(x) = -1192*x - 12444. Give s(-10).
-524
Let g(u) = 4*u**2 - 4619*u + 139273. Give g(31).
-72
Let g(q) = 4*q**2 - 138*q + 840. Give g(28).
112
Let o(r) = -r**2 + 597*r - 29779. Determine o(55).
31
Let o(u) = -u**3 - 57*u**2 - 419*u + 250. What is o(-48)?
-374
Let q(a) = -826*a + 12185. What is q(15)?
-205
Let a(h) = -1683*h + 35206. Give a(21).
-137
Let d(h) = 35265*h - 176986. Calculate d(5).
-661
Let q(k) = 12037*k - 12063. What is q(1)?
-26
Let q(l) = -954*l - 16244. What is q(-17)?
-26
Let l(h) = 287*h + 4974. Determine l(-9).
2391
Let a(l) = 172*l**2 - 2739*l + 549. Give a(16).
757
Let p(d) = -12*d**3 + 11*d**2 - 99*d + 163. Give p(2).
-87
Let x(l) = -2*l**2 - 3522*l + 7045. What is x(2)?
-7
Let t(r) = -53*r + 5401. What is t(99)?
154
Let t(g) = 8588*g - 34382. Give t(4).
-30
Let d(m) = 14*m**3 - 174*m**2 - 13*m + 35. What is d(12)?
-985
Let x(i) = 141*i + 26834. Determine x(-191).
-97
Let q(b) = -22*b**2 + 2116*b - 92. What is q(96)?
292
Let x(p) = p**3 + 83*p**2 + 1039*p + 1202. Determine x(-68).
-90
Let i(w) = -w**3 + 44*w**2 - 3*w + 4363. Calculate i(46).
-7
Let b(u) = -25*u**3 + 2*u**2 - 245*u + 719. What is b(3)?
-673
Let v(p) = 10104*p - 1485297. Give v(147).
-9
Let s(a) = -22*a**3 + 13*a**2 - 35*a - 3. Calculate s(-2).
295
Let b(c) = -2*c**2 + 1379*c - 182416. What is b(511)?
11
Let p(u) = -341*u + 44708. Determine p(131).
37
Let z(b) = -5*b**2 + 8460*b - 59242. Calculate z(7).
-267
Let j(l) = -3231*l + 23145. Calculate j(7).
528
Let w(k) = -68*k - 12727. Give w(-189).
125
Let m(o) = -12506*o + 1438190. Give m(115).
0
Let c(a) = 3*a**3 - 30*a**2 - 417*a + 4091. Give c(10).
-79
Let l(j) = -11254*j - 393851. Calculate l(-35).
39
Let n(h) = 208077*h - 624250. Determine n(3).
-19
Let b(k) = 215*k + 25615. Determine b(-114).
1105
Let p(y) = 2*y**3 - 56*y**2 - 190*y + 6574. Determine p(27).
-14
Let v(c) = -2*c**2 - 193*c - 2622. Determine v(-16).
-46
Let k(m) = -4*m**2 - 2502*m + 184079. Calculate k(-692).
7
Let b(l) = -l**3 - 520*l**2 + 1568*l + 3. Calculate b(3).
0
Let p(d) = -d**3 + 57*d**2 - 836*d + 632. Give p(27).
-70
Let g(w) = -w**3 + 44*w**2 + 96*w - 157. What is g(46)?
27
Let x(n) = -90*n**2 - 258*n + 3281. What is x(5)?
-259
Let b(q) = -q**3 + 395*q**2 + 216*q + 71294. Determine b(396).
14
Let p(l) = 270*l - 28870. Determine p(113).
1640
Let s(v) = -2*v**3 - 43*v**2 - 135*v - 54. Give s(-3).
18
Let p(b) = 149*b**2 + 91047*b + 4980. Calculate p(-611).
92
Let c(w) = w**2 + 454*w - 26878. Give c(53).
-7
Let u(j) = -167*j - 4201. Calculate u(-16).
-1529
Let l(w) = -w**2 + 163446*w - 326892. Determine l(2).
-4
Let z(m) = m**3 - 37*m**2 - 221*m + 486. Give z(42).
24
Let p(i) = 2*i**3 + 199*i**2 + 618*i - 5109. Determine p(-96).
75
Let u(z) = 85501*z + 5215569. Determine u(-61).
8
Let x(i) = -i**3 - 12*i**2 - 952*i - 19091. Determine x(-18).
-11
Let w(d) = d**2 + 17774*d + 106608. Give w(-6).
0
Let c(d) = d**3 - 140*d**2 - 3031*d + 1588. What is c(159)?
-2
Let y(c) = 3442*c + 481885. Calculate y(-140).
5
Let g(q) = -511848*q - 4606606. Give g(-9).
26
Let t(q) = -8*q**2 + 791*q - 15828. What is t(71)?
5
Let p(g) = -1942*g**2 + 3812*g + 10. Give p(2).
-134
Let r(g) = 10057*g + 141337. What is r(-14)?
539
Let l(x) = -88*x - 5449. Calculate l(-80).
1591
Let v(h) = -12*h**3 + 1095*h**2 - 273*h - 18. What is v(91)?
-18
Let n(b) = 5572*b + 28439. Calculate n(-5).
579
Let u(n) = 6*n**3 - 98*n**2 - 308*n + 33. Give u(19).
-43
Let u(f) = 4*f**3 + 39*f**2 + 38*f + 178. Determine u(-8).
322
Let d(c) = -2*c**3 + 75*c**2 + 865*c + 159. What is d(-9)?
-93
Let t(s) = -4*s**3 - 358*s**2 - 7991*s - 44. What is t(-47)?
3
Let l(y) = -56835*y - 341029. Determine l(-6).
-19
Let q(j) = -812*j - 113573. Give q(-140).
107
Let v(y) = 4*y**2 - 80*y + 72. Calculate v(17).
-132
Let d(l) = -4*l**2 + 23*l + 916. Calculate d(-13).
-59
Let r(j) = j**2 + 243*j + 14905. Calculate r(-124).
149
Let t(g) = -3*g**3 - 75*g**2 - 344*g + 11. What is t(-6)?
23
Let m(d) = -25904*d - 52176. Calculate m(-2).
-368
Let j(c) = -19*c**2 + 1061*c + 2163. Calculate j(-2).
-35
Let q(j) = j**3 + 586*j**2 - 586*j + 591. Determine q(-587).
4
Let x(v) = -44*v**2 + 9138*v + 2903. Give x(208).
-9
Let l(v) = -392*v**2 + 6*v + 13. Give l(-2).
-1567
Let q(w) = 18*w**2 + 115*w - 171. Determine q(-6).
-213
Let m(b) = -3484*b - 69195. What is m(-20)?
485
Let q(v) = v**3 - 5*v**2 - 539*v - 5351. Determine q(-10).
-1461
Let p(i) = 495*i**2 - 6610*i + 2268. What is p(13)?
-7
Let p(r) = -r**3 - 80*r**2 + 578*r - 125. What is p(6)?
247
Let f(s) = 388*s**3 + 7*s**2 + 19*s - 2. What is f(-2)?
-3116
Let p(t) = 5*t**3 + 1675*t**2 - 1678*t + 685. What is p(-336)?
13
Let v(o) = -12*o**2 - 6313*o + 63789. Calculate v(-536).
5
Let i(g) = -2*g**3 - 201*g**2 - 497*g - 702. Calculate i(-98).
-16
Let o(i) = 2*i**3 - 424*i**2 - 1729*i - 1. What is o(-4)?
3
Let a(y) = -4562*y - 148. Give a(0).
-148
Let t(h) = -1397*h + 163467. What is t(117)?
18
Let v(i) = -7*i**2 + 1249*i + 4658. Determine v(182).
108
Let x(j) = -14238*j - 42711. Determine x(-3).
3
Let j(o) = 25*o**2 + 439*o + 2938. Calculate j(-7).
1090
Let u(x) = 2*x**2 - 768*x - 20280. Calculate u(-26).
1040
Let i(g) = 6*g**3 - 19*g**2 + 29*g + 18. Determine i(8).
2106
Let g(x) = -x**3 + 30*x**2 + 227*x - 6966. Determine g(30).
-156
Let a(c) = 10651*c + 234322. What is a(-22)?
0
Let f(l) = 48*l**3 - 26*l**2 + 79*l - 142. Determine f(2).
296
Let s(g) = -9359*g + 46799. Determine s(5).
4
Let u(z) = -z**3 - 38*z**2 - 80*z - 871. What is u(-37)?
720
Let x(w) = -11*w**2 - 3188*w + 7035. Calculate x(-292).
27
Let k(m) = 97*m**2 + 95*m + 129. What is k(-5)?
2079
Let w(d) = 5*d**3 + 102*d**2 - 64*d - 16. Determine w(-21).
5
Let j(d) = 2*d**2 - 1861*d - 15022. Calculate j(-8).
-6
Let v(d) = 6280*d + 12532. Determine v(-2).
-28
Let r(q) = -499*q**3 - 121*q**2 - 116*q + 4. What is r(-1)?
498
Let o(n) = -2941*n + 32358. Determine o(11).
7
Let f(o) = 6685*o + 487930. Give f(-73).
-75
Let b(k) = 339*k + 20368. Give b(-60).
28
Let z(g) = g**2 - 7559*g + 1550418. Determine z(211).
-10
Let k(z) = z**3 + 146*z**2 - 147*z - 1199. Calculate k(-147).
-1199
Let g(q) = -74*q**2 - 142*q + 211. Determine g(5).
-2349
Let q(m) = -42*m**2 - 312*m - 429. Calculate q(-2).
27
Let s(u) = -120*u**2 + 537*u + 330. Determine s(5).
15
Let g(v) = v**2 + 528*v + 20017. Calculate g(-41).
50
Let o(n) = -3*n**2 + 85*n - 855. What is o(39)?
-2103
Let m(y) = y**2 + 229*y + 4788. Give m(-206).
50
Let a(c) = 15*c**3 + 3*c**2 - 5*c - 7. Give a(-1).
-14
Let j(l) = 180*l**3 - 25380*l**2 + l - 108. Determine j(141).
33
Let l(k) = 27*k + 1230. Give l(14).
1608
Let n(y) = y**2 - 94558*y + 378212. What is n(4)?
-4
Let n(u) = 11*u**3 + 44*u**2 - 13*u - 7. Give n(-4).
45
Let v(b) = 179*b + 8905. Give v(-48).
313
Let r(p) = 3*p**2 + 1000*p + 6838. What is r(-7)?
-15
Let j(p) = 3627*p + 7218. What is j(-2)?
-36
Let n(m) = 102*m + 13066. Determine n(-128).
10
Let f(c) = 1069*c - 137418. Give f(129).
483
Let w(s) = 113*s**2 + 3855*s + 511. Determine w(-34).
69
Let y(u) = 450*u**2 - 2681*u - 117. Give y(6).
-3
Let w(x) = 24785*x - 33608462. Determine w(1356).
-2
Let h(c) = -14*c**2 - 20727*c - 41403. Calculate h(-2).
-5
Let j(p) = 2*p**3 + 48*p**2 + 119*p + 2829. Calculate j(-24).
-27
Let p(k) = 101974*k + 102101. Give p(-1).
127
Let z(k) = -k**3 + 28*k**2 + 61*k - 3024. What is z(26)?
-86
Let f(x) = 8*x**3 + 4*x**2 + 58*x + 174. Determine f(-2).
10
Let h(z) = -12*z**2 + 15630*z - 353139. What is h(23)?
3
Let b(t) = 5*t**2 + 501*t + 6327. What is b(-87)?
585
Let p(n) = 491*n + 49169. What is p(-100)?
69
Let d(y) = 2*y**3 - 4*y**2 - 468*y + 11. Calculate d(19).
3393
Let j(l) = -l**3 + 903*l**2 - 9816*l - 50. Give j(11).
-94
Let v(t) = -11705*t + 1217336. What is v(104)?
16
Let g(k) = -